110.
64
Calculate the remainder when 61 is divided by 21.
19
Calculate the remainder when 181 is divided by 83.
15
What is the remainder when 119 is divided by 20?
19
What is the remainder when 114 is divided by 32?
18
Calculate the remainder when 2348 is divided by 31.
23
Calculate the remainder when 44 is divided by 26.
18
What is the remainder when 11159 is divided by 25?
9
Calculate the remainder when 7 is divided by 3.
1
What is the remainder when 138 is divided by 48?
42
What is the remainder when 112 is divided by 46?
20
What is the remainder when 203 is divided by 154?
49
What is the remainder when 360 is divided by 34?
20
What is the remainder when 207 is divided by 66?
9
Calculate the remainder when 99 is divided by 12.
3
Calculate the remainder when 2077 is divided by 13.
10
What is the remainder when 169 is divided by 63?
43
What is the remainder when 242 is divided by 81?
80
What is the remainder when 90 is divided by 19?
14
Calculate the remainder when 21419 is divided by 180.
179
What is the remainder when 18 is divided by 6?
0
Calculate the remainder when 52 is divided by 19.
14
What is the remainder when 1267 is divided by 44?
35
Calculate the remainder when 2335 is divided by 36.
31
Calculate the remainder when 277 is divided by 14.
11
Calculate the remainder when 139 is divided by 41.
16
What is the remainder when 598 is divided by 197?
7
Calculate the remainder when 39 is divided by 6.
3
Calculate the remainder when 4137 is divided by 90.
87
Calculate the remainder when 1542 is divided by 508.
18
Calculate the remainder when 6576 is divided by 36.
24
Calculate the remainder when 509 is divided by 57.
53
Calculate the remainder when 142 is divided by 18.
16
Calculate the remainder when 2831 is divided by 26.
23
What is the remainder when 32 is divided by 11?
10
What is the remainder when 2029 is divided by 417?
361
Calculate the remainder when 8741 is divided by 62.
61
What is the remainder when 75 is divided by 25?
0
What is the remainder when 6193 is divided by 3092?
9
What is the remainder when 368 is divided by 34?
28
What is the remainder when 288 is divided by 267?
21
Calculate the remainder when 1787 is divided by 53.
38
Calculate the remainder when 717 is divided by 228.
33
Calculate the remainder when 215 is divided by 108.
107
What is the remainder when 915 is divided by 29?
16
Calculate the remainder when 36 is divided by 31.
5
What is the remainder when 571 is divided by 82?
79
What is the remainder when 66 is divided by 27?
12
Calculate the remainder when 654 is divided by 165.
159
Calculate the remainder when 557 is divided by 2.
1
What is the remainder when 1183 is divided by 61?
24
Calculate the remainder when 151 is divided by 23.
13
Calculate the remainder when 405 is divided by 29.
28
What is the remainder when 254 is divided by 51?
50
Calculate the remainder when 305 is divided by 51.
50
Calculate the remainder when 209 is divided by 72.
65
What is the remainder when 134 is divided by 72?
62
What is the remainder when 78 is divided by 71?
7
Calculate the remainder when 395 is divided by 204.
191
What is the remainder when 1099 is divided by 228?
187
Calculate the remainder when 6202 is divided by 270.
262
What is the remainder when 190 is divided by 140?
50
Calculate the remainder when 148 is divided by 15.
13
What is the remainder when 485 is divided by 317?
168
What is the remainder when 400 is divided by 27?
22
What is the remainder when 915 is divided by 277?
84
What is the remainder when 75 is divided by 32?
11
Calculate the remainder when 774 is divided by 187.
26
What is the remainder when 9 is divided by 5?
4
Calculate the remainder when 560 is divided by 208.
144
Calculate the remainder when 86 is divided by 23.
17
What is the remainder when 308 is divided by 164?
144
Calculate the remainder when 1160 is divided by 192.
8
Calculate the remainder when 104 is divided by 25.
4
What is the remainder when 229 is divided by 26?
21
Calculate the remainder when 242 is divided by 62.
56
What is the remainder when 628 is divided by 7?
5
What is the remainder when 284 is divided by 36?
32
What is the remainder when 147 is divided by 25?
22
What is the remainder when 68 is divided by 16?
4
Calculate the remainder when 167 is divided by 34.
31
Calculate the remainder when 276 is divided by 9.
6
Calculate the remainder when 498 is divided by 489.
9
Calculate the remainder when 1012 is divided by 109.
31
What is the remainder when 2117 is divided by 354?
347
Calculate the remainder when 3606 is divided by 1198.
12
Calculate the remainder when 2171 is divided by 21.
8
What is the remainder when 463 is divided by 114?
7
Calculate the remainder when 122 is divided by 45.
32
What is the remainder when 1100 is divided by 19?
17
Calculate the remainder when 138 is divided by 53.
32
Calculate the remainder when 2789 is divided by 920.
29
What is the remainder when 2050 is divided by 76?
74
Calculate the remainder when 16 is divided by 12.
4
Calculate the remainder when 190 is divided by 46.
6
Calculate the remainder when 199 is divided by 41.
35
Calculate the remainder when 16834 is divided by 61.
59
Calculate the remainder when 945 is divided by 19.
14
Calculate the remainder when 16 is divided by 12.
4
Calculate the remainder when 736 is divided by 82.
80
Calculate the remainder when 203 is divided by 69.
65
Calculate the remainder when 260 is divided by 20.
0
Calculate the remainder when 502 is divided by 39.
34
What is the remainder when 198 is divided by 12?
6
What is the remainder when 424 is divided by 84?
4
Calculate the remainder when 88 is divided by 49.
39
What is the remainder when 147 is divided by 25?
22
Calculate the remainder when 126 is divided by 36.
18
Calculate the remainder when 643 is divided by 38.
35
Calculate the remainder when 230 is divided by 24.
14
Calculate the remainder when 384 is divided by 35.
34
Calculate the remainder when 4400 is divided by 60.
20
Calculate the remainder when 323 is divided by 108.
107
Calculate the remainder when 550 is divided by 33.
22
Calculate the remainder when 5291 is divided by 9.
8
Calculate the remainder when 1144 is divided by 166.
148
What is the remainder when 1328 is divided by 95?
93
What is the remainder when 72 is divided by 62?
10
Calculate the remainder when 331 is divided by 12.
7
What is the remainder when 2937 is divided by 77?
11
Calculate the remainder when 21847 is divided by 446.
439
Calculate the remainder when 92 is divided by 91.
1
What is the remainder when 2659 is divided by 27?
13
Calculate the remainder when 250 is divided by 43.
35
What is the remainder when 2159 is divided by 72?
71
Calculate the remainder when 7080 is divided by 97.
96
Calculate the remainder when 142 is divided by 48.
46
Calculate the remainder when 699 is divided by 220.
39
Calculate the remainder when 7582 is divided by 185.
182
Calculate the remainder when 221 is divided by 16.
13
What is the remainder when 246 is divided by 20?
6
What is the remainder when 1489 is divided by 67?
15
Calculate the remainder when 110 is divided by 52.
6
What is the remainder when 1878 is divided by 20?
18
Calculate the remainder when 7520 is divided by 2.
0
Calculate the remainder when 814 is divided by 49.
30
What is the remainder when 536 is divided by 20?
16
Calculate the remainder when 5541 is divided by 150.
141
Calculate the remainder when 1393 is divided by 232.
1
Calculate the remainder when 1137 is divided by 163.
159
Calculate the remainder when 152 is divided by 63.
26
What is the remainder when 198 is divided by 4?
2
Calculate the remainder when 132 is divided by 87.
45
Calculate the remainder when 1953 is divided by 246.
231
What is the remainder when 19 is divided by 18?
1
What is the remainder when 6549 is divided by 7?
4
Calculate the remainder when 445 is divided by 14.
11
What is the remainder when 58 is divided by 34?
24
What is the remainder when 37 is divided by 15?
7
Calculate the remainder when 246 is divided by 52.
38
What is the remainder when 119 is divided by 12?
11
Calculate the remainder when 945 is divided by 471.
3
What is the remainder when 318 is divided by 291?
27
Calculate the remainder when 99 is divided by 25.
24
What is the remainder w